h be 2/(1/3*9/(-6)). Let n(x) = 1059*x**3 + 7*x**2 + 7*x + 4. Let v(r) = h*n(r) + 3*f(r). Is v(-1) a prime number?
True
Let w(v) = 826*v + 127. Let a = 37 - 19. Is w(a) prime?
False
Let h be (2 + -6)/(-16) - 3/(-4). Let o be h/4 + (-24970)/(-88). Suppose 79 - o = -i + 3*r, i - 5*r - 199 = 0. Is i prime?
False
Suppose -5*m - 58455 = -2*y, -5*y + 6*y + 5*m = 29250. Suppose -4*v = v - y. Is v a composite number?
True
Is (341195/2)/((-84)/(-168)) prime?
False
Suppose -90670 = 34*b - 24*b. Let g = b + 18618. Is g a prime number?
True
Suppose 3*l = 3*s - 1566987, -1176*l = -5*s - 1177*l + 2611657. Is s composite?
True
Suppose -259*d + 212 = -257*d. Is d composite?
True
Let w(t) = 86*t + 886. Let c(p) = -58*p - 591. Let f(n) = 7*c(n) + 5*w(n). Is f(0) a composite number?
False
Let q(p) = 43*p**2 + 18*p + 37. Let t(h) = -65*h**2 - 26*h - 54. Let d(j) = -7*q(j) - 5*t(j). Suppose 22 + 3 = 5*k. Is d(k) a prime number?
True
Suppose 39*k - 35*k = 0. Suppose -2*a = q + 8, k = q + 4*q + a + 13. Is (227 + -4)/(q/(-4)) a prime number?
False
Let o(j) = 3*j - 46. Let v be o(19). Suppose 16 = v*r - 7*r. Suppose 5*p = -5*w + 1500, -3*w - r*p + 901 = -0*w. Is w a prime number?
False
Suppose 24224749 = 207*x + 7368946. Is x a prime number?
False
Let w be 1042 - 1/(-1 + 2)*-2. Let i = w + 334. Is -14 + 13 + i + 2 a prime number?
False
Let f(x) = -33*x - 24. Let r be f(-13). Suppose -3*a + r = -6*a. Let b = a - -294. Is b a composite number?
True
Suppose -a - 3*a + 2*n + 2 = 0, -3*a - 3 = -3*n. Suppose -a*w = -2, -8*l + 2*w - 230855 = -11*l. Is l a composite number?
True
Let i(r) = 8556*r**3 + 8*r**2 - 206*r + 601. Is i(3) a composite number?
False
Let n = 3853 + 730. Is n composite?
False
Suppose 10579*b - 10661*b + 12312218 = 0. Is b prime?
False
Suppose 29*m = -19*m + 191568. Is m prime?
False
Let g be ((-25)/15)/(10 + (-2125)/204). Let s = -34 - -428. Suppose 4*w - 2515 = 5*o, w + g*o - 261 = s. Is w prime?
False
Let w(k) = 2*k**3 - 84*k**2 - 123*k + 180. Is w(49) a prime number?
True
Let j(m) = 322*m**3 - 2*m**2 + 3*m + 3. Let h be j(4). Suppose 3*z = -3*v + 21744, -4*z + h = 2*v + 6085. Is v a composite number?
False
Suppose -1315031 = -2*i + 3*o, 98*i - 4*o + 2630112 = 102*i. Is i composite?
False
Let a be 2/3 - 656/(-6). Let v be (56/(-16) - -3)/(1/46). Let x = v + a. Is x a prime number?
False
Let s(t) = t + 2. Let g be s(0). Suppose -11 = -3*l - g*v, l + v - 2 = -0*l. Let i(d) = 4*d**3 - 6*d**2 + 2*d + 7. Is i(l) prime?
False
Let x(v) = v + 20. Let y be x(-16). Suppose -7*m + 1836 = -y*m. Let t = 1027 - m. Is t a composite number?
True
Let s be (2 - 20/12)*(16 - 1). Suppose 505 = s*a - 14100. Is a a composite number?
True
Let w = 76 - 41. Suppose 2*g - 22 = 8. Is 250 - 7/(w/g) a composite number?
True
Let h be (1810/6)/(17/255). Suppose 1324 = 3*f + 5*y - h, y - 5833 = -3*f. Is f prime?
False
Let u(r) = 10745*r - 389. Is u(8) prime?
True
Suppose 18*q = 13*q + 2445. Let x = q + 1484. Is x prime?
True
Let y = 79 - 7. Is (-13877)/(-8) + 27/y a composite number?
True
Let f(i) = -i**3 + 12*i**2 - 6*i + 9. Let z be f(11). Is (-2 + (-69046)/(-4))/(32/z) prime?
True
Suppose v = -2*a + 19204, -4*v + 1797 + 7791 = a. Let p = 19581 - a. Is p a composite number?
True
Let n(i) = 40*i**2 - 32*i + 29. Is n(-38) prime?
False
Let h be ((-16)/(-12))/((-4)/(-9)). Suppose -4*v = h*i - 15, 0*i = -4*v - 2*i + 14. Suppose 5*u - 25 = -g, -v*g + 5*g - u = 72. Is g a prime number?
False
Suppose 4*k = -20*k + 192. Suppose 5*l - 1060 = -5*a, 213 = a + k*l - 6*l. Is a prime?
True
Let i = -91 + 3499. Suppose 0 = 4*l + 4*q - i, -q - 4173 = -4*l - 760. Is l prime?
True
Let s = -68 + 27. Let f = 55 + s. Suppose 0 = f*i - 19*i + 12315. Is i a prime number?
False
Let d(a) = 45266*a**2 - 151*a - 106. Is d(-3) a composite number?
False
Let z(h) = 2*h**2 - 11*h - 34. Let u be z(8). Suppose u*q = 4*q - n + 16632, -4*n + 16 = 0. Is q a composite number?
True
Let d be (-16)/(-32) + (-2 - (-11)/2). Suppose 4*c = i + 32837, d*c - 12*i + 10*i = 32838. Is c a prime number?
True
Let v(g) = -g**3 + 4*g**2 - 151*g - 49. Is v(-23) a prime number?
True
Let a = -67064 + 188050. Is a a composite number?
True
Is (90/15)/((-36)/(-2608386)) a prime number?
False
Let q(h) = 9*h**2 + 43*h + 517. Is q(-33) a prime number?
False
Let x be 37/((9/(-6))/(-3)). Suppose -79*i + 1595 = -x*i. Is i prime?
False
Let m(i) = 919*i - 95. Let c be m(-16). Is (-9)/(-6) - c/2 a composite number?
True
Let v(h) = -1621*h + 40. Let j be v(-8). Suppose 2*i - j + 4222 = 0. Is i composite?
True
Let p(u) = -56*u**2 - 23*u + 6. Let a(h) = -19*h**2 - 8*h + 2. Let k(q) = 17*a(q) - 6*p(q). Let t be k(1). Let g = t - -213. Is g a composite number?
True
Suppose -2*i + i = -761. Suppose -2*d + 1537 = -0*d - 3*p, -d + i = -3*p. Let z = -441 + d. Is z prime?
False
Suppose 3594868 = 5*y + d, -5*y + 2167074 + 1427779 = -4*d. Is y a composite number?
False
Suppose 255 = o + 3*z, 3*z - 134 = 2*o - 689. Suppose 6*g + o = 5*g. Let n = g - -1135. Is n a prime number?
False
Let b(w) = -10*w**3 - 3*w**2 + 5*w + 2. Let k(q) = -21*q**3 - 6*q**2 + 10*q + 4. Let n(z) = -5*b(z) + 3*k(z). Suppose -j + 0 = 3. Is n(j) a composite number?
False
Suppose 4*u - 4*v - 501508 = 0, 12 = -135*v + 133*v. Is u composite?
False
Suppose t + y - 21211 = 0, -20*y = -17*y. Is t prime?
True
Let z(t) be the third derivative of 0*t + 1/24*t**4 + 0 - 7*t**2 + 1055/6*t**3. Is z(0) prime?
False
Suppose -43*f + 223109 = -321228. Is f a prime number?
True
Let g = 7628 - 5581. Is g prime?
False
Let d(m) = -154*m - 160. Let j be d(6). Let k = j - -2951. Is k prime?
True
Suppose -28*p + 4787419 - 1647583 = 0. Is p composite?
True
Let c be 6/12*(12 - 4). Suppose b + 2*b = 3*w + 57933, -4*b - c*w = -77276. Is b composite?
True
Let q(y) = 3773*y**2 + 16*y - 3. Suppose 399 - 407 = -4*j. Is q(j) a prime number?
True
Suppose 5*v - 2*m - 78427 = 0, -v - 3*m = -5*m - 15679. Let l = v + -6785. Is l a composite number?
True
Let l be 3*(-1)/(-3) - 267/(-3). Suppose l = 46*b - 43*b. Is 41805/b - (1 + (-2)/4) a prime number?
False
Suppose 0 = -2*l - l + 3*b + 120, 5*l = -b + 218. Suppose 0 = -l*s + 38*s + 10295. Is s prime?
False
Suppose 37*h = -m + 34*h + 15146, -h = 1. Is m a composite number?
False
Suppose f - 65 = s - 3*s, 0 = 3*s - 3*f - 111. Let b = s + -43. Is (-326)/(-6) - 6/b a prime number?
False
Suppose -4*m + 3*k + 549751 = 0, 274872 = 99*m - 97*m + 2*k. Is m composite?
False
Is 153156/(-16)*(6/(-21) + (-110)/105) a composite number?
False
Suppose -4710060 = 30*m - 40*m + 2*i, 0 = -4*i + 20. Is m composite?
False
Let p be (-19)/57*4*633. Let i = p - -7731. Is i a composite number?
True
Let x be 2/9 - 490/(-63). Let m(p) = p**3 - 9*p**2 + 10*p - 2. Let o be m(x). Is (1956/(-24))/((-1)/o) composite?
True
Suppose 0 = -2*d + 3*o + 878149, 5*d - 1151684 = -o + 1043646. Is d a composite number?
True
Let q = -162 + 164. Suppose 0 = -g + 2*s + 793, 7*g - 3*g - 3154 = q*s. Is g a prime number?
True
Suppose 0 = v - 1 - 3. Suppose 12 = 4*d - n, v*n - 28 = -2*d - 4. Suppose 243 = 3*a - 3*f, -d*a - f = f - 336. Is a a prime number?
True
Is ((-233908)/18)/(-2 - 288/(-162)) composite?
False
Suppose 14*h - 10*h = 6636. Let g be ((-188)/(-3))/(26/273). Let c = h + g. Is c composite?
True
Let u(m) = 2*m**2 + 11*m - 34. Let z be u(-8). Is (2 + 0)*13215/z a prime number?
False
Suppose -5*n + 2*b + 1440939 = 0, 0 = n - 43*b + 46*b - 288215. Is n prime?
True
Suppose 26*i - 7109 = 5865. Suppose -i + 4359 = 10*u. Is u composite?
True
Suppose 3*a = 4*n - 789335, 2*n - 789336 = -2*n + 4*a. Is n a composite number?
True
Suppose 29*c - 74*c + 1117342 = -11*c. Is c a composite number?
True
Suppose -18*v + 2048434 = -7050152. Is v a prime number?
False
Let f = 1289677 - 814154. Is f a composite number?
False
Is (-91976940)/(-580) - (-14)/203 a composite number?
False
Suppose 14*d + 252316 = -18*d + 928764. Is d a prime number?
True
Let s = 8760 - 3122. Suppose -2*k - 8 = -6*k, 0 = 3*g + k - 4481. Let p = s - g. Is p a prime number?
False
Suppose -165*s = -174*s + 123138. Suppose 2*i + 4*n = 13682, i + n - s = -i. Is i a prime number?
True
Let u = -49 - -52. Let w be -1*(-181)/(-1)*u*-1. Suppose 2*k - 571 = w. Is k a composite number?
False
Suppose -26*a + 34*a + 2584 = 0. Let s be (1*-5)/(5/(-7 + a)). Suppose -3*l